 = 24 - 6. What is the units digit of m?
8
Let k = 7 - -20. What is the units digit of (-3)/2 - k/(-6)?
3
Let a(w) = -w**3 + 5*w**2 - 5*w + 4. Let i = 8 - 4. Let k be a(i). Suppose -13 = -s - k*s. What is the units digit of s?
3
Let b = 59 + -26. What is the tens digit of b?
3
Let m(i) = i**2 + 2*i - 1. Let v be m(-3). Let h(b) = 0*b**2 + b**3 - 5*b**v + 0*b**2 - 4 + 6*b. What is the units digit of h(4)?
4
Suppose 2*k = 5*t - 695 + 88, 2*t + k = 241. What is the hundreds digit of t?
1
Let h(k) = -k + 8. What is the tens digit of h(-15)?
2
What is the hundreds digit of (723/(-9))/(1/(-3))?
2
Let p(i) = i**2 - i - 4. Let m be p(5). Let v = m - 4. What is the tens digit of v?
1
Let z(p) = 2*p**3 - 12*p**2 + 14*p + 9. Let b = -4 + 9. Let f(q) = -q**3 + 6*q**2 - 7*q - 5. Let r(o) = b*f(o) + 3*z(o). What is the tens digit of r(5)?
1
Let b = 4 - 4. Let h = b + 3. What is the units digit of h?
3
Suppose -17*d + 959 = -10*d. What is the hundreds digit of d?
1
What is the hundreds digit of (5*-2)/((-354)/87 - -4)?
1
Let o(j) = -j**2 + 1. Let c(v) = -2*v**2 - 10*v + 9. Let r(l) = c(l) - o(l). What is the tens digit of r(-9)?
1
Suppose 11 - 31 = -5*a. Suppose 0 = 3*g - a*g + 2. What is the units digit of g?
2
Suppose 4*s - 58 = 130. What is the units digit of s?
7
Suppose 61 = 3*y - 4*u, 5*y + 5*u - 140 = 4*u. What is the units digit of y?
7
Suppose 920 = f + 4*f. What is the units digit of f?
4
Let l(w) = -w**3 - w + 3. Let s be l(0). Suppose 0 = 4*m - 6*m + 4. Let p = s - m. What is the units digit of p?
1
Suppose 18 = -3*j + 7*j - 2*y, 12 = j - 2*y. What is the units digit of j?
2
Let p = 50 + -20. What is the tens digit of p?
3
Let b(f) be the first derivative of f**3/3 + 4*f**2 - 6*f - 2. Let o be b(-8). What is the units digit of o/(-9) + 2/6?
1
Let k be (-8)/(-20) + (-673)/(-5). Suppose 2*d + 21 = v - 0*v, 4*d + k = 5*v. What is the tens digit of v?
3
What is the units digit of (-566)/(-4) + (-4)/(-8) + -2?
0
Let f = 53 - 23. What is the tens digit of f?
3
Suppose -554 = -4*i - 114. Suppose -o + i = 4*o. What is the units digit of o?
2
Let b = 5 + -3. Suppose k = 4 - 1. Suppose k*t - b*t = 4. What is the units digit of t?
4
Let g be 27/15 + (-3)/(-15). Suppose 4*k + g - 6 = 0. What is the units digit of k?
1
Suppose 4*p = -3*d - d, 2*p + 3 = -d. What is the units digit of d?
3
What is the units digit of 1 - 10/(-1) - -1?
2
Suppose -2*w = -4*v + 131 + 7, 5*w + 81 = 2*v. Suppose 23 = 4*x - v. What is the tens digit of x?
1
Let w = 29 - 21. What is the units digit of w?
8
Let a(p) = 14*p - 5. Let k be a(2). Suppose 52 + k = 3*r. What is the units digit of r?
5
Suppose 2*g + 3*h = -9, 3*g + 5*h + 10 = -5. Suppose g = 3*y + y - 80. What is the tens digit of y?
2
Suppose -i + 48 = 7. Let v = i - 19. What is the units digit of v?
2
Let o(h) = -h**2 + 3*h - 2. Let w be o(2). Let l(k) = -k**3 - k**2 + 6. What is the units digit of l(w)?
6
Suppose -z - 18 = -3*z - 4*u, 5*z - 3*u = -7. What is the units digit of z?
1
Let z be 1 + 1*15/(-3). What is the units digit of 76/16 - 1/z?
5
Suppose -4*u + 2*u + 94 = 0. What is the tens digit of u?
4
Let t(x) = 15*x - 10. What is the tens digit of t(8)?
1
Let b(s) be the second derivative of 1/6*s**3 + 0 - 5/2*s**2 + 2*s + 5/12*s**4 + 1/20*s**5. What is the units digit of b(-4)?
7
Let j(m) = -m**2 - 8*m + 2. Let q be j(-8). Let x be -2*(q - (-5)/(-2)). Suppose 0 = -2*y + 19 - x. What is the units digit of y?
9
Suppose 3*d = -y + 20, 4*d + 2*y - 35 = -d. Suppose -3*t - 34 = -d*t. What is the tens digit of t?
1
Suppose t - 4*t + 10 = 4*x, -t = x - 3. What is the units digit of t?
2
Let t(o) = o + 9. Suppose 2*f - 6*p + 3*p + 22 = 0, 4*f + 34 = p. Let y be (-54)/8 - (-2)/f. What is the units digit of t(y)?
2
Suppose 3*q + 1 - 31 = 0. Suppose q = g - 3*y - 32, 3*g - 3*y = 108. What is the units digit of g?
3
Suppose 5 = -5*m + 10. Let d(b) = -3*b**3 - 1. Let c be d(m). Let r = c - -14. What is the tens digit of r?
1
Suppose -5*p = -4*r + 10, -3*r - r - 2 = p. Suppose -3*s + 66 = -r*s. What is the tens digit of s?
2
Let u = 6 - 10. What is the units digit of 145/10 + (-2)/u?
5
Suppose 5*l = 3*d - 94, 4*l + 140 = 4*d + 12. What is the tens digit of d?
3
Suppose -2*y - 3*p = -32, 0 = 2*y + y - 2*p - 35. What is the units digit of y?
3
Let c(l) = 4*l**2 + 0*l**2 + 3 - 3*l**2 - l + 0*l. What is the units digit of c(-4)?
3
Let h be (16 - (2 + 0)) + 0. Suppose -6 = 2*p - h. Suppose 0 = 4*m + 16, 0*m + 56 = p*f - 4*m. What is the units digit of f?
0
What is the hundreds digit of 54*(-20)/(-8)*1?
1
Suppose 0 = -2*d + 6, 4*d - 21 = -3*k + d. Suppose -30 = g - k*g. What is the units digit of g?
0
Let r(m) = 30*m**2 - 6*m + 7. What is the tens digit of r(2)?
1
Suppose -4*g - g + 20 = 0. Suppose 6 = 2*t, g*t - t - 81 = -3*r. What is the units digit of r?
4
Let u(z) = -1 - 4*z + 2 + 4*z**2 + z. Let s be (12/(-8)*1)/(3/(-4)). What is the units digit of u(s)?
1
Suppose -4*d - 6*t + 2*t + 1420 = 0, -1045 = -3*d + 2*t. What is the units digit of d?
1
Let x = -2 + 7. Let c(h) = -h**2 + 5*h + 3. Let f be c(x). Suppose -7*q = -f*q - 28. What is the units digit of q?
7
Suppose 4*a + w = -220, -54 = 3*a - 3*w + 96. Let t(l) = -l**3 + 12*l**2 + 2*l - 3. Let u be t(12). What is the units digit of a/(-2)*7/u?
9
Let c(z) = 1 + z**2 - 4*z - 6*z - 10. Let p be c(11). Suppose -63 = -4*f + 3*q, -f + p*f + 5*q = -13. What is the units digit of f?
2
Let a = 8 + -35. Let q be ((-4)/3)/(6/a). Suppose 28 = 4*j + 4*i, j - q*j + 26 = 2*i. What is the units digit of j?
4
Suppose 4*n = 3*n + 8. Let z(q) be the first derivative of -q**3/3 + 4*q**2 + 8*q + 4. What is the units digit of z(n)?
8
Let k be (5/2)/(2/4). Suppose -k*v = 5*m - 35, 2*v - 6*v = 3*m - 21. What is the units digit of m?
7
Let c = -33 - -41. What is the units digit of c?
8
Suppose 0 = -x + 3*x - 6. Suppose 0 = t - 3, -2*t - 6 = -x*g + 12. Suppose 2 = j - 4*i - g, -8 = 4*i. What is the units digit of j?
2
Let m(s) = -s - 7. Let t be m(-5). What is the units digit of (-14)/(-1*t/(-2))?
4
Let b(k) = -k**3 + k**2 + k + 10. Let c = 0 + 0. What is the tens digit of b(c)?
1
Let m(o) = -3*o + 1. Let a be m(-5). Let j = -27 + a. Let q = 20 + j. What is the units digit of q?
9
Let j(u) = -u**2 - 10*u + 1. What is the units digit of j(-8)?
7
Let t(n) = n**3 - 6*n**2 + 4*n. Let c be t(5). Let w be (c/2)/((-3)/6). Suppose -3*k + 2*z = -5*k + 26, -w*k = 3*z - 61. What is the tens digit of k?
1
Suppose 95 = -5*p - q - 5, -2*p - 5*q = 40. Let a = p + 14. Let w = a + 8. What is the units digit of w?
2
Let r(g) = -10*g - 7. Let c(m) = 15*m + 11. Let x(v) = 5*c(v) + 8*r(v). Let s be x(-2). Suppose s*y - 4*y = 75. What is the tens digit of y?
1
Let y be ((-1)/(-1))/((-1)/(-47)). Suppose 4*q + 0*p + p = y, -5*q + 40 = 5*p. What is the tens digit of q?
1
Suppose f = 2*f - 9. Suppose 0*x = 3*x - f. What is the units digit of x?
3
What is the tens digit of (3/(-6) - 1)*(-388)/6?
9
Let b = -118 - -174. What is the units digit of b?
6
Let d(g) be the first derivative of g**3/3 + 3*g**2/2 + 3*g + 3. What is the units digit of d(-2)?
1
Suppose -4*r = -6 - 6. Suppose -11 = -r*u + 1. Let z = u + -2. What is the units digit of z?
2
Let b = -8 + 1. What is the tens digit of (-301)/b + 0/3?
4
Let i = -8 + 5. What is the units digit of (4/i)/(2/(-48))?
2
Let n = 39 - 12. What is the tens digit of n?
2
Let l be -6*(3 + -2)*-1. Let v(y) = -l*y - 5 + 1 - y**2 + 0*y**2. What is the units digit of v(-3)?
5
Suppose -3*i + 26 = 5*k, 0 = 5*k - 6*i + i - 50. Let j = 9 - k. What is the units digit of j?
2
Let n(l) = 2*l - 4. Let w be n(4). Suppose 3*b - 52 = -w*a, 2*a - 11 = 4*b + 15. What is the units digit of a?
3
Suppose -13*o - 12 = -16*o. Suppose 66 = o*f - 2*j, 0 = 5*f - j - 81 - 3. What is the units digit of f?
7
Let m(v) = 4*v**2 + 12*v + 9. What is the hundreds digit of m(-7)?
1
Suppose 5*q = 5, -5*w + 0*q = 2*q - 572. What is the units digit of w?
4
Let k = 39 + 33. What is the tens digit of k?
7
Suppose 7*h = 3*h + 148. What is the tens digit of h?
3
Suppose -v = v. Suppose -2 = 5*k - 17. Suppose v*u - 3*u + k = 0. What is the units digit of u?
1
Suppose -4*b + 4*a = -2*b + 12, -2*b - 5*a = -15. Suppose b = 4*i - 2 + 6. Let z = i - -10. What is the units digit of z?
9
Let x(j) = 178*j + 3. What is the units digit of x(1)?